rime factors of c?
2, 757
Suppose 3*j - 2724 = -7*a + 4*a, 5*a + 3641 = 4*j. List the prime factors of j.
3, 101
Let o(v) = 10*v**3 - 11*v**2 + 9. Let j(z) = 5*z**3 - 5*z**2 + 4. Let f(g) = 7*j(g) - 3*o(g). Let s be f(-1). List the prime factors of (1 + 29)/(s + 7).
2, 3, 5
Let j(l) = l**2 - 37*l - 208. What are the prime factors of j(-33)?
2, 1051
Let a(k) be the second derivative of k**5/20 + k**4/2 + k**3 + 5*k**2/2 - 3*k. Let d be a(-5). Suppose 4*y - 3*y - 15 = d. List the prime factors of y.
3, 5
Let i be ((-3)/(-4))/((-55)/20 + 3). Suppose -i*h = -2*h - 5*c - 124, 5*h - 4*c = 683. What are the prime factors of h?
139
Let w(o) = -52*o - 70. List the prime factors of w(-40).
2, 3, 5, 67
Let v = -1696 - -2478. What are the prime factors of v?
2, 17, 23
Let o(m) = -m**3 + 10*m**2 - 5*m + 6. List the prime factors of o(8).
2, 47
Suppose h - 4*m = 11 + 121, -4*h = -3*m - 463. List the prime factors of h.
2, 7
Suppose 153506 = 66*w - 94060. What are the prime factors of w?
11, 31
Suppose -2*j = 3*j. Let o(f) = -3*f + 8. Let a be o(-4). Suppose j*l = -2*l + a. List the prime factors of l.
2, 5
Let j(v) = -3*v + 20. Suppose 11*b = 12*b - 5. Suppose f - 1 - 8 = 2*t, b*f + 39 = -4*t. What are the prime factors of j(t)?
2, 19
Let y(o) = -2*o**3 - 80*o**2 - 16*o + 38. What are the prime factors of y(-40)?
2, 3, 113
Let j(f) = 776*f - 17. What are the prime factors of j(1)?
3, 11, 23
Let v(u) = 2*u - 4. Let g be v(3). Suppose -5*p + 469 = g*p. List the prime factors of p.
67
Suppose -3*j + 1741 = 136. Let h = j + -211. What are the prime factors of h?
2, 3
Let j(z) = 4*z - 4. Let f be j(-1). What are the prime factors of (-2 + 5 + f)*-3?
3, 5
Suppose 5*q - 3*q = 4. Let l(m) = 6*m**q - 154 + 154 + m. What are the prime factors of l(-1)?
5
Suppose 0 = -2*c - 2*c + 112. Suppose 3*b - c = -x, 4*b = x + x - 76. List the prime factors of x.
2, 17
List the prime factors of 354/(-4)*6/(-18)*2.
59
Let r = -199 - 24. Let c = 386 + r. What are the prime factors of c?
163
Suppose 5*o - 10 = -5*i, 2*o = -0*i - i + 7. Let r(x) = 2*x**2 + 4*x + 1. Let t be r(i). Suppose t*c - 2*c = 30. List the prime factors of c.
2, 3
Let y be (6/(-8))/((-4)/16). Suppose m - 5*n = -y*m + 9, 5*m - 4*n - 18 = 0. Suppose -4 = g, 12 = -b - m*g + g. What are the prime factors of b?
2
Let j = 36 - 89. Let d = j - -102. List the prime factors of d.
7
Let c = -4 + 7. Let u be 26 - ((30/(-5))/(-3) - 3). Suppose 21 + u = c*v. What are the prime factors of v?
2
Let n(y) = -8*y - 3. Suppose -6*r + 10*r = 12. Suppose -r*b + 2*k = 13, 2*b - 2*k = -4*k - 2. List the prime factors of n(b).
3, 7
Let z = 149 - -65. Let d = z - 132. What are the prime factors of d?
2, 41
Let j(g) = g**2 + 5*g + 53. List the prime factors of j(13).
7, 41
Let y = -9 + 5. What are the prime factors of (0 - y) + 30 + -4?
2, 3, 5
Suppose -9 = 8*c - 11*c. Suppose 2*f = -p - c*f + 56, p - 62 = f. List the prime factors of p.
61
Let l = -31 + 35. What are the prime factors of -86*(3 - 14/l)?
43
Let o = 2057 - 1928. What are the prime factors of o?
3, 43
What are the prime factors of (-14723)/(-25) - (-12)/150?
19, 31
List the prime factors of (1/3)/((-46)/(-79764)).
2, 17
Suppose -x + 4 = r, 5*r + 2*x = 4*r + 6. Suppose 2*h - 2*q - 125 = 13, 4*h - 264 = -r*q. What are the prime factors of h?
67
Let b(g) = -g**3 + 22*g**2 + 5*g + 107. List the prime factors of b(16).
1723
Let d = -2839 + 4538. What are the prime factors of d?
1699
Let j(h) = 2*h**2 - 26*h + 76. Suppose 0 = -4*y - 3*n + 20 + 48, 0 = 2*y - n - 24. What are the prime factors of j(y)?
2, 13
Let p(w) = -14*w - 2. What are the prime factors of p(-6)?
2, 41
Let j(l) = -l**3 + 2*l**2 + 8*l + 6. Let b be 10/(-15) - 32/6. What are the prime factors of j(b)?
2, 3, 41
Let t(v) = 573*v - 372. What are the prime factors of t(3)?
3, 449
Suppose -91*q = -76*q - 17250. List the prime factors of q.
2, 5, 23
Let h be (4/6)/((-6)/(-9)). Let k(j) = -1 - 5*j + h + 2*j - 5. What are the prime factors of k(-7)?
2
Let g be (0 + (-1 - 0))*-2. Suppose -g*k + 310 = 3*k. Suppose -5 = -3*h + 2*d, 5*h + 5*d + 12 = k. List the prime factors of h.
5
Let p = 12 + -11. List the prime factors of p/(1/20) - 4.
2
Suppose -724 = -20*a + 7756. What are the prime factors of a?
2, 53
Let v(x) be the second derivative of -x**5/10 - 2*x**4/3 + 2*x**3/3 + 2*x**2 - 31*x. What are the prime factors of v(-6)?
2, 31
Let d be (-5 - -1) + (21 - 12). Let s be 36/15 - 2/d. What are the prime factors of (-64 + 7)*s/(-3)?
2, 19
Let q(l) = l**3 - 2*l**2 - 5*l + 2. Let r be q(5). Suppose 0 = -4*z + z + 5*c + 65, 2*c - r = -4*z. Suppose -z = -0*n - n. What are the prime factors of n?
3, 5
Let w = 35 - -34. What are the prime factors of w?
3, 23
Let f(p) = -p**3 - 16*p**2 + 19*p + 9. Let x be f(-17). Let w = 39 + x. What are the prime factors of w?
2, 7
Let s = -87 + 84. What are the prime factors of 2/(6/s*1)*-253?
11, 23
Suppose w - 152 = -3586. What are the prime factors of 148/52 + -3 - w/13?
2, 3, 11
Suppose 3 = 3*r - 2*r. Suppose -5*n + 1089 = -3*z, r*n + 2*z = 5*z + 657. Suppose n = 7*d - d. What are the prime factors of d?
2, 3
What are the prime factors of -2815*(-2)/90 - 8/(-18)?
3, 7
Let l = -5 + 79. Let x = -7 - -9. Suppose -v + 41 = -i - 2*i, -x*v = -4*i - l. List the prime factors of v.
29
Let h be 0 + -2 - (9 - 8). Suppose g + 0*g - 9 = -3*r, -5*g + 2*r - 23 = 0. What are the prime factors of (-40)/(((-9)/g)/h)?
2, 5
Suppose 50*c = 45*c - 345. Let q = 116 + c. List the prime factors of q.
47
Suppose 2*b - 27 = 5*q, -3*b + 3*q + 0*q + 18 = 0. What are the prime factors of 2675/10 - b/(-2)?
2, 67
Let r = 56 - 48. List the prime factors of 190/r + (-1)/(-4).
2, 3
Let k(v) = 2*v**3 + 2*v**2 - 2*v. Let p be k(-2). What are the prime factors of 2023/15 + p/(-30)?
3, 5
Suppose -3*r - 37 = -3*q + 68, -3*q + 113 = 5*r. Let o = 15 - q. Let j = o - -42. List the prime factors of j.
3, 7
Let l(b) = 1 - b**3 + 5*b - 3*b**2 - 7*b - 2. Let u be l(-3). List the prime factors of 27 + u/((-10)/(-4)).
29
Suppose 7*g - 55 = -13. Let z be (-1839)/(-39) - g/39. Suppose 3*v + q - 3*q = 25, 5*v + 2*q = z. List the prime factors of v.
3
Let z(u) = -u**2 - 23*u - 13. Let x be (7/((-28)/8))/2. Let d(k) = 19*k**3 - 2*k**2 + 1. Let b be d(x). List the prime factors of z(b).
47
Let s(u) = u**2 + 9*u + 12. Let a be s(-5). Let m be 2 + a/2 + 3. List the prime factors of (m - 0)*1 + 2.
3
Suppose 0 = 89*m - 94*m + 570. Suppose -m = -15*d + 81. What are the prime factors of d?
13
Let u = 3151 + 694. List the prime factors of u.
5, 769
Let s(c) = -c**2 + 5*c + 3. Let x be s(8). Let w = -17 - x. Suppose 50 = w*h - 50. List the prime factors of h.
5
Let t(n) = 8*n**3 + n**2 + 2*n + 4. List the prime factors of t(3).
5, 47
Let y be 2/(-4)*1*0. Let h(q) = q**2 + 10*q + 20. Let f be h(-8). Suppose y = 3*k - k - f. List the prime factors of k.
2
Suppose 17*a = 6*a + 30910. What are the prime factors of a?
2, 5, 281
Let m = 26 + 2. List the prime factors of -274*((-5)/4 - (-21)/m).
137
Suppose -4*b + 2*b = 12. Let f = b + 8. Suppose -4*r - 4*o + 0*o = -72, f*r + 3*o - 41 = 0. List the prime factors of r.
13
Suppose z = 4*j - 75, -7*j = -3*j - 5*z - 71. Suppose -j*y + 21*y = 200. What are the prime factors of y?
2, 5
Suppose 50450 = 32*g - 1070. What are the prime factors of g?
2, 5, 7, 23
List the prime factors of 9 + -15 + 24472/7.
2, 5, 349
Let v = 212 + -15. List the prime factors of v.
197
Let a(g) = 3*g**2 - 6*g - 19. What are the prime factors of a(-13)?
2, 283
List the prime factors of -2 + 0 + 15 + 1477.
2, 5, 149
List the prime factors of 1279 - (-6 + 1 + 4)*1.
2, 5
Let r = 13 + -8. Let o(g) = 2*g**2 - 5*g + 2. Let y be o(4). Suppose h - y = -5*l, r*l - 117 = -5*h - 27. List the prime factors of h.
19
Suppose -3*h = 5*f - 1971, h = -2*f + 573 + 84. List the prime factors of h.
3, 73
Let s(t) = t + 3*t + 3*t + 11 - t**2 - 4. Let d = 25 - 18. What are the prime factors of s(d)?
7
What are the prime factors of 4/(-3)*-9*(-1168)/(-12)?
2, 73
Let d = -10 - -14. Suppose 25 + 47 = -12*s. List the prime factors of ((-3)/s)/(d/232).
29
Let f(y) = -2*y**3 - 3*y**2 - 3*y + 3. Let j be f(-3). Suppose 5*b + 96 = 3*g + 19, -b = 2*g + 5. Let p = b + j. What are the prime factors of p?
2, 13
Let r be 3 - (0 + 0 - -1). Let t be 4 + 2 + (-4)/r. Su